-f**3 + 5*f**2 - 2*f + 1. Let u be s(3). Calculate the remainder when 42 is divided by 0/3 + u + -2.
9
Let h be ((-9)/(-12))/((-1)/8). Calculate the remainder when 14 is divided by (-3)/18 + (-19)/h.
2
Let q = 10 + -8. What is the remainder when 11 is divided by (q - (3 + -4)) + 1?
3
Suppose -b - 18 = -x, 97 = 4*x + 2*b - b. Suppose -3*p - 4*w = -103, -164 = -5*p + 4*w - 3*w. Let d = p - x. What is the remainder when 18 is divided by d?
8
Let c(m) be the first derivative of m**4/4 - 3*m**3 + m + 3. What is the remainder when 3 is divided by c(9)?
0
Suppose 0 = -5*y - 3 + 53. Suppose 2*i + 2 = 0, -3*f + 0*f + i = -112. Calculate the remainder when f is divided by y.
7
Suppose -7*l + 2*l - 40 = 0. Let m(x) = -x**3 - 8*x**2 - 6. Let y be m(l). Calculate the remainder when 20 is divided by ((-22)/y)/(4/12).
9
Let x(j) = -1 - 3 + 12*j**2 + 3 - 2*j. Calculate the remainder when 23 is divided by x(-1).
10
Suppose -54 - 66 = -5*z. What is the remainder when 71 is divided by z?
23
Calculate the remainder when 12/(-4)*(2 - (2 - -13)) is divided by 20.
19
Let a be (-105)/6 - (-12)/8. What is the remainder when (-196)/a - (-3)/4 is divided by 8?
5
Let h be (12/18)/((-2)/(-15)). Suppose 19 + 51 = h*s. Let y = -1 + 6. Calculate the remainder when s is divided by y.
4
Calculate the remainder when (-2)/4 - (-110)/4 is divided by 1*2 + (11 - 6).
6
Suppose -155 = -5*f + 5*v, 3*v - 29 = -f - 6. Let u(a) = -a**3 - 4*a**2 - 2*a + 2. Calculate the remainder when f*2/(-4)*-2 is divided by u(-4).
9
Suppose -12 - 28 = -5*x. What is the remainder when 29 - 0/2 - -1 is divided by x?
6
Let s(w) = 5*w**3 - w**2 + w + 1. Let k be s(-1). Suppose -11 = -4*d + y, 0*d + 4*d - 17 = 3*y. What is the remainder when -6*(-2 + (-8)/k) is divided by d?
0
Suppose -3*s - 136 = -4*n, -n + 38 = -s + 4. Calculate the remainder when n is divided by (-20)/(-30)*27/2.
7
Calculate the remainder when 51 is divided by (-6)/12 + (-9)/(-6) + 13.
9
Let h(r) = -r**3 - 9*r**2 - 7*r + 10. Let b be 1/(-4) - 31/4. Let c be h(b). Suppose 14 - 4 = c*w. Calculate the remainder when 9 is divided by w.
4
Let m(r) = -r + 42. Calculate the remainder when m(0) is divided by 22.
20
Let s(q) = 2*q + 2. Let w be s(3). Suppose -3*d - y - 25 = -w*d, 0 = -5*d - 5*y + 25. Let c = d - 3. What is the remainder when 2 is divided by c?
0
Let f(u) = -4 - u**3 - 6*u**2 + 6*u - 3*u + 0*u**2 + u. What is the remainder when 33 is divided by f(-7)?
16
Suppose -10*i + 234 = -8*i. What is the remainder when i is divided by 30?
27
Let g(h) = -h**2 - 5*h + 9. Calculate the remainder when 18 is divided by g(-4).
5
Let x = -48 - -90. Calculate the remainder when x is divided by 23.
19
Suppose -c = 3*c - 60. Calculate the remainder when 40 is divided by c.
10
Let c be 5 - (-2 - (1 + -1)). Let z(i) = 5*i - 2*i - 2*i - 5. Calculate the remainder when 2 is divided by z(c).
0
Let q(w) = -w**2 - w + 19. Let s be q(0). Suppose 5*h + 2*n - 121 - s = 0, 0 = h + 5*n - 51. What is the remainder when h is divided by 9?
8
Let z be (-24)/(-9)*15/2. Let t be 6/(-15) + 208/z. Calculate the remainder when (t - 5) + 0/2 is divided by 2.
1
Let c be (-34)/1 + (-2 - -4). Let y = 61 - c. Suppose -5*j = -2*u - y, 2*j - 26 = -0*j - 2*u. Calculate the remainder when j is divided by 9.
8
Let h = -215 + 226. Let z = -57 + 98. What is the remainder when z is divided by h?
8
Let v = 41 + -8. Let j = -14 + v. What is the remainder when 36 is divided by j?
17
Suppose 3*a = -0*a + 9. Suppose 4*t = -o - a, 0 = -4*o - 9 - 3. Suppose -d - 2*d + 33 = t. Calculate the remainder when 20 is divided by d.
9
Suppose -6*h + 26 = -10. What is the remainder when 21 is divided by h?
3
Suppose -3*s + 213 = 3*p, s + 2*p + 320 = 6*s. Suppose 2*y - s = -20. What is the remainder when y is divided by 12?
11
Let q(u) be the second derivative of 3/2*u**2 - 2*u + 0 + 5/12*u**4 + 1/3*u**3 + 1/20*u**5. What is the remainder when q(-4) is divided by 4?
3
Suppose -3*w + 0*w = 0. Suppose -2*k + w*k = -44. Calculate the remainder when k is divided by 8.
6
Suppose -5*f + s + 72 = 0, 8 = -3*f + 3*s + 56. Calculate the remainder when ((-3)/2)/((-9)/240) is divided by f.
12
Suppose -6*c - 5*k + 394 = -2*c, -2*k - 284 = -3*c. What is the remainder when c is divided by 26?
18
Let a = 0 - -29. Let h = a - 5. What is the remainder when h is divided by 13?
11
Let f be ((-68)/6)/(12/(-18)). Let c = f + 8. Calculate the remainder when 97 is divided by c.
22
Let v be (-1)/2 + 65/(-2). Let t = v + 58. Let f = t + -3. What is the remainder when f is divided by 12?
10
Suppose 2*t + 218 = 4*g, -4*g + 146 = -g + 2*t. Let j = 27 + -9. What is the remainder when g is divided by j?
16
Let b(u) = -u**3 - 4*u**2 - 3*u + 1. Let g be b(-3). Suppose -4*p + 8 = -24. Calculate the remainder when p is divided by 57/12 + g/4.
3
Let k(c) = c**2 - 3. Let p be k(6). Let i be 0 - (-2*p + 3). Calculate the remainder when 82 is divided by 2/9 - (-1309)/i.
19
Suppose 0 = -4*y + 16 + 8. Suppose 2*w = y + 2. What is the remainder when (9/2 - 1)*2 is divided by w?
3
Suppose -2*i + 10 + 34 = 0. Suppose -2*j - 2*d - 10 = 0, -j + 8*d - 35 = 3*d. What is the remainder when (-24)/(-40) + (-634)/j is divided by i?
20
Suppose 3 = q, -30 - 48 = -5*m + 4*q. What is the remainder when 69 is divided by m?
15
Let p(a) = 2*a + 10. Let g(w) = -w - 1. Let y(k) = -3*g(k) - p(k). What is the remainder when 5 is divided by y(10)?
2
Let v(g) = -g + 9. What is the remainder when v(0) is divided by 5?
4
Let i(a) = 16*a**3 - 2*a**2 + 2*a - 1. Suppose 0 = -w + 3 + 3. Let h be w/3 - (0 + 1). Calculate the remainder when 43 is divided by i(h).
13
Let i be (0 - -3) + -1 - -2. Let g = 11 + i. Let h = g + -8. Calculate the remainder when 13 is divided by h.
6
Let r = 49 - 42. Calculate the remainder when 12 + (-1 - 0)/(-1) is divided by r.
6
Suppose 3*r + 4*y + 0*y - 17 = 0, -5*r - 5*y + 25 = 0. Let t(l) = -l**3 + 8*l**2 + 10*l - 2. Calculate the remainder when t(9) is divided by r.
1
Suppose -2 = -u - 1. What is the remainder when 2 is divided by u?
0
Calculate the remainder when 11 is divided by 165/44 + 3/(-4).
2
Let s = 68 - 28. Let q(z) = z + 1. Let m be q(10). Let a = m - -3. Calculate the remainder when s is divided by a.
12
Let k(b) = 44*b**3 + b**2 - 2*b + 2. Calculate the remainder when k(1) is divided by 16.
13
Let z(t) = -t + 7. Let g be z(3). Let c = 30 - 17. Let d = c - g. What is the remainder when d is divided by 3?
0
Let r(s) = -2*s - 5. Let d be r(6). Let w = d + 38. What is the remainder when 64 is divided by 2 + (w - (-1)/(-1))?
20
Suppose 3*y + 2 + 4 = -3*g, -3*g + 5*y = 38. Let h(p) = -p**3 - 7*p**2 - 6*p + 7. What is the remainder when 20 is divided by h(g)?
6
Let a(j) = -j**2 - 23*j - 30. Calculate the remainder when 43 is divided by a(-21).
7
Let k = 12 + -9. Suppose -k*c + 56 = -79. What is the remainder when c is divided by 12?
9
Suppose -7*u + 2*u = -95. Let x = 12 - 7. Suppose 6*j - 7 = x*j. Calculate the remainder when u is divided by j.
5
Suppose -4*c + 2*c - 36 = 0. Let x = 27 + c. Calculate the remainder when 15 is divided by x.
6
Let t(r) = 3*r**2 + 3*r. Let j(u) = u**2 - 15*u + 4. Let v be j(15). Let p = v + 0. Calculate the remainder when t(-2) is divided by p.
2
Calculate the remainder when (-8)/(-12) - (-374)/6 is divided by 16.
15
Let y(v) = v**3 - 3*v**2 - 9*v + 8. Calculate the remainder when 31 is divided by y(5).
5
Suppose -2*f - 30 = -2*w, 3*f - 11 - 1 = 0. What is the remainder when 53 is divided by w?
15
Let g(z) = 4*z - 2. Suppose -5*u + 106 = -3*r, -3*u + 4*r = -r - 70. Suppose -o = o - u. Calculate the remainder when o is divided by g(2).
4
Let q = -9 + 15. Suppose -u + 19 = h, -2*h - h + 77 = -2*u. Calculate the remainder when h is divided by q.
5
Suppose -d - 21 = -5*r + 16, 2*r = -5*d + 31. Suppose -n + r = -9. Suppose 4*s = -c + n - 2, -3*c - 3 = -4*s. What is the remainder when 10 is divided by c?
1
Let y = -2 - 1. Let v(z) = 3*z**3 - 7*z**2 + 10*z - 2. What is the remainder when (-1)/((y/75)/1) is divided by v(2)?
11
Suppose 40 = -5*k + 15. Let c = k + 33. Calculate the remainder when c is divided by 10.
8
Suppose 4*f - i - 85 = 0, f - 2*i - 18 = -5*i. What is the remainder when 62 is divided by f?
20
Let h be ((-8)/(-3))/(1/(-3)). Let a = 8 - h. Calculate the remainder when 30 is divided by a.
14